q and x.
5
Suppose 4*w = 16*g - 12*g + 28, -2*w + 4*g + 20 = 0. Suppose -5*s + 0*s + 60 = 0. Calculate the greatest common divisor of s and w.
4
Suppose -2*w + 4 = -k + w, -2 = k - 2*w. Suppose 5*h = 4*j + 103, -4*h + k*j = 21 - 107. What is the greatest common factor of 69 and h?
23
Let y(q) = -q**3 + 6*q**2 + 2*q - 9. Let i be y(6). Suppose 0 = 5*r + i*p - 4, -3*p - 14 = -2*r + 2*p. What is the greatest common divisor of r and 1?
1
Let u be (-4)/14 - 149/(-7). Let n(d) = d + 25. Let t be n(-11). Let o = t + 7. Calculate the greatest common divisor of o and u.
21
Suppose -4*u + 0*u + 4 = 0. Suppose -6*p + 79 = -5. Let t be (-150)/(-14) + 4/p. Calculate the greatest common factor of t and u.
1
Suppose -14720 = 1306*y - 1314*y. Calculate the highest common divisor of y and 115.
115
Let l = -11 - -6. Let v be (-1)/l + (-98)/(-35). What is the highest common factor of v and 15?
3
Let v(h) = -31*h + 161. Let l be v(5). Calculate the highest common factor of 57 and l.
3
Let t = -20 + 24. Suppose 0 = 4*o - 2*j - 110, 0*o + o + t*j = 32. Calculate the highest common factor of 70 and o.
14
Let z = 138 - 84. What is the highest common factor of z and 6?
6
Suppose 31*t - 651 = 10*t. Let n(y) = 3*y**3 - 7*y**2 + 2*y + 7. Let a be n(5). Calculate the highest common divisor of t and a.
31
Suppose -3*n - 26*h + 25*h + 76 = 0, -h = -3*n + 68. Let i be (24*1)/(8/12). What is the greatest common divisor of n and i?
12
Let b(a) = -3*a + 21. Let x be b(-4). What is the highest common divisor of 231 and x?
33
Let j = 669 + -237. What is the greatest common divisor of 54 and j?
54
Let t be 11*13 + (72/(-6))/4. Calculate the greatest common factor of t and 30.
10
Suppose 38 = -4*r - 406. Let h = 228 + r. What is the greatest common divisor of 13 and h?
13
Let q(v) = 85*v + 431. Let c be q(-5). Let f be -10*-2*(-1)/(-4). Suppose -53 = f*z - 263. Calculate the highest common factor of z and c.
6
Let a = 8 + -2. Let x be 40/(-6)*(-27)/a. Let j be (-4)/(-8) + 78/4. What is the highest common factor of x and j?
10
Let f(h) = 2*h**2 - 16*h + 14. Let q be f(9). What is the greatest common factor of q and 8?
8
Let z(q) = q**3 + 7*q**2 + q + 3. Let l = 20 + -26. Let s be z(l). What is the highest common factor of s and 3?
3
Let d be 6/15*1 + 16230/50. What is the greatest common divisor of 39 and d?
13
Let a = 45 + -10. Let d = 58 - a. Calculate the highest common factor of 207 and d.
23
Let f(c) = -c + 1. Let u(s) = 2*s - 2. Let y(a) = 15*f(a) + 3*u(a). Let l be y(-11). Suppose 2*k - 24 = -0*k. What is the greatest common factor of l and k?
12
Let c(u) = -u**2 + 24*u - 71. Let g be c(5). Calculate the greatest common factor of 8 and g.
8
Suppose 10 = -3*d - 2. Let n be (d + (-70)/(-15))*(44 - -1). What is the greatest common divisor of 150 and n?
30
Let t(d) = -6*d - 14. Let z be t(14). Let v = z - -108. What is the greatest common factor of 25 and v?
5
Let q(d) = 3*d**2 + 49*d - 77. Let u be q(-18). Let g(j) = 3*j**3 - 6*j**2 + 3*j - 4. Let x be g(4). What is the highest common divisor of x and u?
13
Let n be 0 + 13 + 4 + -1. Let u = n + -28. Let y be (-158)/(-12) - (-2)/u. Calculate the highest common divisor of 104 and y.
13
Let m be (-5)/(-40) + 19000/64. Calculate the greatest common divisor of 33 and m.
33
Let d(b) = 61*b - 2. Let z be d(2). Let m = -12 + 24. Let i be 4/6 + 568/m. Calculate the highest common divisor of z and i.
24
Suppose -2*c + 168 = 5*w, -w - c + 28 = -5. Calculate the highest common factor of w and 323.
17
Let c be 0 + 7 + (-1 - 2). Let u be c/(-10) + 568/20. Suppose -8 - 20 = -4*d. What is the highest common divisor of d and u?
7
Suppose 280*g = 262*g + 72. Let u = 113 + -53. Calculate the greatest common factor of u and g.
4
Suppose -2*j = -2*m - 3*m - 12, 6 = j + m. Let g(b) = 11*b**2 - 18*b**2 - j + 4*b + 9*b**2. Let t be g(2). What is the greatest common factor of t and 80?
10
Let o(x) = x - 7. Let b be o(12). Suppose -2*z - 3*d = 2, z + 8 = b*z + 3*d. Suppose -215 = -z*f - 65. What is the highest common divisor of 75 and f?
15
Let y(r) = r**3 + 7*r**2 + 11*r + 7. Let x be y(-5). Let m be 40/2*(6 - 84/15). What is the highest common divisor of m and x?
2
Let r(k) = -14*k - 55. Let w be r(-10). Suppose w = -10*s + 15*s. Calculate the greatest common factor of 119 and s.
17
Suppose 2*n - 40 = -2*n. Suppose -3*b + n = -b. What is the greatest common factor of b and 45?
5
Let l(o) = -681*o + 454. Let p be l(-4). What is the greatest common divisor of 14 and p?
14
Let y(m) = -m**2 - 49*m + 260. Let t be y(-52). What is the highest common factor of 468 and t?
52
Let h be 26 + (14/42)/((-2)/24). What is the highest common divisor of h and 2?
2
Let s be -147*(14/(-56))/((-3)/(-16)). Calculate the greatest common divisor of 28 and s.
28
Let a be ((-6)/(-15))/((-2)/(-20)). Let i = 10 + a. Let p be 3762/117 - 11 - 4/26. Calculate the greatest common factor of i and p.
7
Suppose -4*u = -u - 1239. Suppose 0 = -10*v + 297 + 293. Calculate the highest common factor of v and u.
59
Let p(r) = r**3 - 2*r + 1. Let a be p(1). Suppose a = w + 3*w + 56. Let o be (-158)/w + 10/(-35). Calculate the greatest common divisor of o and 55.
11
Let h = -1927 + 3348. Calculate the greatest common factor of h and 29.
29
Let a = -67 - -88. Calculate the greatest common divisor of a and 21.
21
Suppose 161 = 5*m + z, 2*m - 44 - 19 = z. Let a be 123/12 + (-8)/m. What is the highest common divisor of 20 and a?
10
Suppose 2*v + 3*v = 4*w + 13, 0 = 3*v - 2*w - 9. Suppose i + 42 = -i. Let d = 36 + i. Calculate the greatest common divisor of d and v.
5
Let g be (260/(-50))/((-2)/5). Let r be 0*(4/3)/(-4). Suppose r*c - 2*c = -3*d - 145, -5*c - 2*d = -315. Calculate the greatest common factor of g and c.
13
Let b = 612 + -267. Suppose 5*j - 130 = b. Suppose -v + 5*f - j = -5*v, -4*f = -3*v + 48. Calculate the greatest common factor of v and 20.
20
Suppose 3 + 3 = b. What is the highest common divisor of 48 and b?
6
Let d = 2 + 0. Suppose c + 3*p - d = 0, -5 = -2*c - 4*p - p. Suppose c = 2*t - 7. Calculate the highest common factor of t and 6.
6
Let g(z) = -3*z**2 - 75*z - 56. Let b be g(-24). What is the greatest common divisor of 272 and b?
16
Suppose -4*v = -5*j + 94, v + v = 5*j - 102. Let w = 162 + 80. Calculate the greatest common factor of j and w.
22
Suppose -12*u + 105 - 9 = 0. Calculate the highest common divisor of u and 552.
8
Let u = 76 - 62. What is the highest common divisor of u and 42?
14
Let j = -35 - -83. Let h = 90 - 88. Suppose -4*f - 2 - h = -4*u, -5*f = -25. What is the greatest common divisor of u and j?
6
Let l(b) = -6*b - 4. Let i be l(-4). Let c = -2472 + 2487. Calculate the highest common factor of c and i.
5
Suppose 12*m = 4*m + 16. Suppose 6*g = -l + 4*g + 28, -68 = -3*l - m*g. Let o be 1/(-3) + 1082/6. Calculate the greatest common factor of l and o.
20
Let s = -6 - -3. Let u be (s - (-2)/(-2)) + 7. Let v be 14 - (1 - u/1). Calculate the greatest common factor of 64 and v.
16
Let h(s) = s**3 + 3*s**2 - 2*s + 2. Let d(u) = -2*u + 7. Let v be d(5). Let m be h(v). Let k = 2941 + -2937. Calculate the highest common factor of k and m.
4
Let n = 776 + -511. What is the greatest common divisor of n and 15?
5
Suppose 7*p - 5*p - 470 = -5*l, l = -2*p + 86. Suppose 5*n + 74 = -w + 3*w, 0 = -5*w - n + 158. What is the highest common factor of l and w?
32
Let s = 25 + -14. What is the highest common divisor of 88 and s?
11
Suppose 349 = 5*f - 4*c, 4*f = -5*c + 154 + 117. Calculate the highest common divisor of 368 and f.
23
Suppose 3 = 3*v, 5*v - 101 = -r + 4*r. Let l = 68 + r. Suppose 0 = -b - 3*k - 3, -k + 0 = 4. What is the highest common factor of l and b?
9
Let j be 4*208/(-20)*5/(-1). Let s be (-13)/(65/10) - j/(-2). Calculate the greatest common divisor of 68 and s.
34
Suppose 3*y - 21 = 12. Let s be (-5 - -5)/(9/3). Suppose s*g + 4*v = 4*g - 132, -2*g - v = -66. Calculate the greatest common factor of g and y.
11
Suppose -5*z = -z - 512. Suppose 4*l + 4*t - z = 0, -t - 103 = -4*l - 0*t. What is the greatest common divisor of l and 3?
3
Let j = 111 + -107. Let q(m) = m**3 + 6*m**2 - m - 2. Let d be q(-5). What is the greatest common factor of d and j?
4
Let x = 937 + -460. What is the greatest common divisor of 212 and x?
53
Let h = 28 - 22. Suppose 2*g 